t is 1 (base 9) in base 15?
1
Convert -d (base 16) to base 4.
-31
Convert 257 (base 8) to base 2.
10101111
What is e (base 15) in base 4?
32
What is -1 (base 16) in base 10?
-1
24 (base 7) to base 9
20
What is 21 (base 10) in base 6?
33
Convert 16 (base 7) to base 11.
12
Convert 535 (base 6) to base 2.
11001011
Convert -1010 (base 2) to base 6.
-14
Convert -12 (base 10) to base 15.
-c
Convert 100 (base 3) to base 9.
10
Convert 2111 (base 3) to base 9.
74
-19 (base 13) to base 11
-20
-7 (base 8) to base 6
-11
What is -10 (base 3) in base 11?
-3
Convert -13 (base 4) to base 15.
-7
Convert 2 (base 4) to base 15.
2
1a (base 15) to base 9
27
1 (base 8) to base 15
1
Convert 2 (base 3) to base 15.
2
-22 (base 4) to base 5
-20
Convert -43 (base 5) to base 12.
-1b
What is -14d (base 15) in base 8?
-452
-2 (base 5) to base 3
-2
Convert e8 (base 16) to base 7.
451
-5 (base 10) to base 8
-5
-27 (base 12) to base 6
-51
-4 (base 7) to base 4
-10
Convert -100000 (base 2) to base 14.
-24
4 (base 11) to base 7
4
Convert 61 (base 14) to base 4.
1111
What is 3 (base 11) in base 16?
3
100 (base 2) to base 12
4
Convert -14 (base 6) to base 10.
-10
What is -1 (base 15) in base 12?
-1
Convert 2 (base 8) to base 9.
2
What is -2 (base 14) in base 12?
-2
Convert -26 (base 9) to base 14.
-1a
Convert -112 (base 16) to base 15.
-134
What is -7 (base 14) in base 16?
-7
Convert -2 (base 14) to base 3.
-2
1 (base 5) to base 8
1
9 (base 14) to base 9
10
Convert 75 (base 12) to base 13.
6b
Convert 2202 (base 5) to base 12.
212
What is -77 (base 13) in base 15?
-68
-44 (base 5) to base 6
-40
What is -54 (base 8) in base 6?
-112
What is 2 (base 16) in base 6?
2
-2 (base 8) to base 14
-2
What is -28 (base 10) in base 11?
-26
What is -64 (base 7) in base 15?
-31
-100 (base 2) to base 14
-4
Convert -183 (base 13) to base 8.
-424
4 (base 6) to base 3
11
What is 2 (base 6) in base 16?
2
0 (base 8) to base 2
0
-2 (base 4) to base 2
-10
Convert -3 (base 12) to base 14.
-3
11 (base 9) to base 5
20
What is -16 (base 14) in base 12?
-18
What is 12 (base 4) in base 5?
11
Convert -10012 (base 3) to base 8.
-126
34 (base 6) to base 14
18
Convert -d5 (base 16) to base 2.
-11010101
What is -100 (base 2) in base 12?
-4
7 (base 13) to base 7
10
Convert 1 (base 8) to base 3.
1
Convert -3 (base 16) to base 4.
-3
Convert 9 (base 10) to base 8.
11
What is -d (base 16) in base 9?
-14
What is -55 (base 7) in base 5?
-130
What is 16 (base 9) in base 8?
17
-11 (base 3) to base 11
-4
What is 3 (base 15) in base 4?
3
Convert 2 (base 9) to base 6.
2
Convert -2 (base 5) to base 3.
-2
Convert 111001 (base 2) to base 8.
71
10 (base 11) to base 13
b
What is 1 (base 13) in base 15?
1
Convert -1 (base 16) to base 2.
-1
Convert 0 (base 13) to base 10.
0
4 (base 14) to base 4
10
What is -18 (base 11) in base 6?
-31
Convert -32 (base 6) to base 16.
-14
Convert -2 (base 3) to base 11.
-2
-14 (base 13) to base 4
-101
140 (base 6) to base 12
50
-23 (base 5) to base 11
-12
What is 1 (base 14) in base 15?
1
What is -13 (base 6) in base 11?
-9
Convert 1 (base 3) to base 4.
1
Convert -1 (base 10) to base 13.
-1
7 (base 16) to base 6
11
Convert 0 (base 7) to base 3.
0
-11011101 (base 2) to base 14
-11b
16c (base 13) to base 10
259
Convert -130 (base 6) to base 10.
-54
What is c (base 15) in base 9?
13
2 (base 3) to base 10
2
Convert 2c (base 13) to base 9.
42
Convert 11201 (base 3) to base 2.
1111111
Convert 11111 (base 2) to base 8.
37
81 (base 13) to base 10
105
What is -a (base 11) in base 6?
-14
What is 4 (base 8) in base 4?
10
What is -3 (base 4) in base 12?
-3
Convert 7 (base 14) to base 4.
13
-1 (base 7) to base 14
-1
Convert -10 (base 2) to base 4.
-2
-1 (base 14) to base 12
-1
What is 16 (base 9) in base 12?
13
Convert -71 (base 8) to base 14.
-41
Convert -24 (base 6) to base 3.
-121
-32 (base 4) to base 9
-15
What is 210 (base 5) in base 13?
43
20 (base 7) to base 6
22
5 (base 14) to base 12
5
-5 (base 8) to base 15
-5
6 (base 9) to base 14
6
Convert -4 (base 14) to base 13.
-4
What is 10100 (base 2) in base 3?
202
-2 (base 5) to base 10
-2
-42 (base 7) to base 15
-20
Convert -6 (base 7) to base 8.
-6
Convert b (base 12) to base 10.
11
2 (base 6) to base 9
2
Convert 53 (base 6) to base 3.
1020
Convert -2 (base 3) to base 16.
-2
What is 200 (base 3) in base 2?
10010
Convert 132 (base 4) to base 2.
11110
1210 (base 4) to base 12
84
Convert 11010 (base 2) to base 5.
101
Convert -8c (base 13) to base 4.
-1310
Convert -100 (base 12) to base 11.
-121
Convert 12 (base 3) to base 15.
5
Convert -4 (base 16) to base 8.
-4
Convert -1 (base 3) to base 8.
-1
-5 (base 12) to base 5
-10
-6 (base 9) to base 4
-12
What is -102 (base 8) in base 13?
-51
What is -5 (base 16) in base 6?
-5
10 (base 8) to base 14
8
What is -11101110 (base 2) in base 10?
-238
What is -125 (base 13) in base 9?
-242
What is 3 (base 4) in base 12?
3
What is 85 (base 9) in base 11?
70
Convert -34 (base 15) to base 13.
-3a
Convert -13 (base 4) to base 16.
-7
What is -43 (base 5) in base 3?
-212
Convert 11 (base 5) to base 11.
6
What is 0 (base 13) in base 16?
0
-b (base 16) to base 10
-11
-11 (base 2) to base 6
-3
4 (base 15) to base 16
4
3 (base 12) to base 3
10
What is -5 (base 12) in base 9?
-5
What is 1001 (base 2) in base 4?
21
-2 (base 14) to base 9
-2
11 (base 4) to base 16
5
What is 1 (base 6) in base 13?
1
12 (base 4) to base 16
6
Convert 76 (base 8) to base 9.
68
Convert -15 (base 10) to base 7.
-21
-11 (base 2) to base 15
-3
Convert -26 (base 9) to base 4.
-120
Convert -10 (base 9) to base 13.
-9
Convert -241 (base 5) to base 11.
-65
Convert -218 (base 13) to base 4.
-11213
Convert 47 (base 16) to base 13.
56
What is 3 (base 16) in base 10?
3
Convert 0 (base 13) to base 8.
0
What is 3 (base 12) in base 11?
3
What is 32 (base 12) in base 11?
35
3 (base 7) to base 5
3
What is -2 (base 14) in base 13?
-2
-4 (base 15) to base 14
-4
-31 (base 4) to base 2
-1101
Convert 19 (base 15) to base 7.
33
What is -4 (base 12) in base 8?
-4
What is 8 (base 14) in base 6?
12
1 (base 6) to base 10
1
What is 2 (base 16) in base 14?
2
a (base 15) to base 11
a
Convert 5 (base 11) to base 9.
5
-32 (base 5) to base 14
-13
What is 205 (base 6) in base 5?
302
What is -1000 (base 3) in base 13?
-21
-10000 (base 2) to base 16
-10
1d (base 14) to base 3
1000
What is -9 (base 15) in base 14?
-9
5 (base 8) to base 2
101
6b (base 15) to base 12
85
Convert -3 (base 13) to base 15.
-3
Convert 6 (base 8) to base 3.
20
Convert 0 (base 4) to base 12.
0
What is 28 (base 12) in base 10?
32
What is -200 (base 3) in base 7?
-24
-74 (base 14) to base 9
-123
Convert -2121 (base 4) to base 14.
-ad
112 (base 7) to base 11
53
What is -111 (base 6) in base 5?
-133
What is 0 (base 3) in base 14?
0
What is -3 (base 11) in base 6?
-3
-58 (base 11) to base 7
-120
Convert 17 (base 8) to base 4.
33
12 (base 3) to base 7
5
Convert 4 (base 5) to base 4.
10
What is -26 (base 15) in base 10?
-36
-5 (base 7) to base 4
-11
-3 (base 15) to base 10
-3
What is 244 (base 7) in base 8?
202
What is -12 (base 3) in base 6?
-5
Convert -6 (base 16) to base 8.
-6
-12 (base 7) to base 8
-11
What is -46 (base 11) in base 14?
-38
What is 5 (base 11) in base 14?
5
What is 101010 (base 2) in base 13?
33
2 (base 16) to base 8
2
Convert d (base 15) to base 4.
31
Convert -13 (base 4) to base 10.
-7
Convert -290 (base 10) to base 7.
-563
12 (base 7) to base 10
9
Convert 100 (base 7) to base 2.
110001
52 (base 16) to base 15
57
-145 (base 7) to base 10
-82
What is b4 (base 12) in base 5?
1021
What is 63 (base 15) in base 11?
85
-100 (base 2) to base 3
-11
What is 3 (base 4) in base 6?
3
33 (base 6) to base 2
10101
Convert 34 (base 14) to base 12.
3a
Convert -22 (base 5) to base 9.
-13
What is 1a9 (base 12) in base 5?
2043
What is 386 (base 9) in base 12?
229
-2e (base 15) to base 2
-101100
What is 201 (base 11) in base 7?
465
Convert -11100 (base 2) to base 9.
-31
2 (base 13) to base 3
2
-1 (base 8) to base 7
-1
-1002 (base 3) to base 16
-1d
0 (base 6) to base 7
0
What is -84 (base 14) in base 4?
-1310
-6 (base 7) to base 6
-10
What is d (base 16) in base 4?
31
What is -43 (base 6) in base 10?
-27
Convert 38 (base 9) to base 5.
120
What is 111 (base 2) in base 11?
7
What is -111 (base 10) in base 14?
-7d
What is -2d (